alculate the greatest common divisor of x and k.
4
Let f = -315 - -359. Calculate the highest common factor of 286 and f.
22
Suppose -1575 = -321*t + 286*t. What is the greatest common divisor of t and 195?
15
Suppose 5*a - 3*o - 987 = 0, -2*o - 3 + 5 = 0. Let k = -4 - -5. Let i = 19 - k. Calculate the highest common divisor of i and a.
18
Let u be (2 + -3)*-6*1. Let t = 6 + -2. What is the highest common factor of u and t?
2
Let c be ((-5)/4 + 30/40)*-6. Suppose q - a - 618 = -c*q, -q - 2*a + 150 = 0. Let x = 35 + -21. What is the highest common factor of q and x?
14
Let g = -6 + 9. Suppose -g*a - 13 = 2. Let m = 0 - a. Calculate the highest common factor of 5 and m.
5
Let q = 13 + -55. Let j be 2 - (q/3)/1. What is the highest common factor of 24 and j?
8
Let w = 188 - 171. Calculate the greatest common divisor of 17 and w.
17
Let j = -10568 + 10570. Let t = 2 + 0. What is the highest common factor of t and j?
2
Let f(n) = -208*n - 29. Let x be f(-3). Calculate the highest common divisor of 34 and x.
17
Suppose -314 = -5*p + 2*a, -5*a = -18 + 3. Calculate the highest common divisor of 2 and p.
2
Let l be 3 + 1 - 7 - 55. Let r = 123 + l. What is the highest common divisor of 26 and r?
13
Suppose 4*d - 4*m - 92 = 0, -5*d - 2*m = 2*m - 79. Suppose 0 = 7*y - d - 44. What is the greatest common divisor of y and 3?
3
Let x(q) = -q**3 + 17*q**2 - 19 - 34*q - 33*q + 69*q. Let d be x(17). What is the highest common divisor of d and 120?
15
Suppose -5*q - 24 = -4*j, j + 0 = 4*q + 17. Let c = 15 + -6. What is the highest common factor of c and j?
1
Suppose 61 = 4*q + 45. Let d(y) = -3*y**3 - 4*y**2 - 1. Let j be d(-3). Calculate the highest common factor of q and j.
4
Suppose 5*t - x - 3 = 0, 4*x = -4*t - 0*t - 12. Let m(z) = z + 39. Let w be m(t). Calculate the highest common divisor of 13 and w.
13
Let i(o) = -2*o**3 - 34*o**2 - 33*o + 7. Let q be i(-16). Calculate the highest common factor of q and 23.
23
Let g(f) = f**2 + 6*f + 1. Suppose 0 = 5*h, 1 - 6 = u + 2*h. Let n be g(u). Let w be -2 + 2 - (n - -1). What is the highest common divisor of w and 21?
3
Let u(a) = 2*a**2 - a - 2. Let b be u(-2). Suppose -3*y = -4*y + b. Suppose -3*w = 5*r - 80, 3*w = 2*w. What is the highest common factor of r and y?
8
Let b = 98 + -140. Let c = b + 54. Calculate the highest common divisor of 24 and c.
12
Let t(a) = -2*a. Let y be t(-1). Suppose -p - y = -2*p. Suppose 2*r - 6*h - 90 = -2*h, 0 = 2*r + p*h - 60. Calculate the highest common divisor of 14 and r.
7
Suppose 4*d = -3*j + 94, 5*d - 104 = -3*j + 3*d. What is the highest common factor of j and 589?
19
Let g(o) = 23*o - 34. Let p be g(2). What is the highest common factor of 78 and p?
6
Suppose 23 = -8*w + 15. Let m(k) = k**3 + k + 3. Let b be m(0). Let t = w + b. What is the highest common divisor of 6 and t?
2
Suppose 3*n + 22*n = 19800. What is the highest common factor of 66 and n?
66
Let g be 9*(-1)/((-3)/2). Suppose 341 = 5*r - 4*v, 2*v + 2 + g = 0. Suppose -r = -0*o - 5*o. What is the greatest common factor of 91 and o?
13
Let d = -29 - -50. What is the greatest common divisor of 819 and d?
21
Suppose -1679*g + 2016 = -1673*g. What is the greatest common factor of 32 and g?
16
Suppose 621 = 36*b - 3987. Let l(x) = 3*x + 1. Let y be l(5). What is the highest common divisor of y and b?
16
Let k(g) = -g - 5. Let d be k(-11). Calculate the greatest common divisor of d and 87.
3
Suppose 0 = -9*w + 26 - 8. Calculate the highest common factor of 16 and w.
2
Suppose -2*x + 120 = -0*x. Suppose -8*s + x = -4*s. What is the highest common divisor of 105 and s?
15
Suppose -81 + 9 = 2*j. Let z = -24 - j. Let w be 2/(-12) - (-290)/z. Calculate the highest common factor of 8 and w.
8
Suppose -11*x = -13*x + 10. Suppose 3*f - 17 = 43. What is the greatest common factor of f and x?
5
Let l(i) = -24*i**3. Let g be l(-1). Let u(h) = -h**2 + h + 55. Let p be u(11). Let n = -31 - p. Calculate the greatest common divisor of g and n.
24
Let c(u) = -u + 26. Suppose 23*r - 20*r - 15 = 0. Let a be c(r). Calculate the greatest common factor of 105 and a.
21
Suppose -10*j = -j - 4437. What is the highest common divisor of j and 29?
29
Let y be 6 + 29 + -4 + -7. Calculate the highest common divisor of y and 48.
24
Let w be (0 - (0 - 4)) + (3 - 2). Let y = -59 + 30. Let j = y - -69. What is the highest common divisor of w and j?
5
Suppose -4*r - 40 - 96 = -3*h, -h - 4*r = -56. What is the highest common factor of 180 and h?
12
Suppose 2*p - 20 = 30. Suppose -t = -162 + 137. What is the greatest common factor of t and p?
25
Let v = 70 - -164. What is the greatest common divisor of v and 26?
26
Suppose -5*p = -18*p + 2392. Let c(b) = -5*b - 22. Let d be c(-9). What is the greatest common divisor of p and d?
23
Let w be (-2 + 3)/((-1)/(-6)). Let j be w/(-2) + 16/1. Calculate the highest common factor of 39 and j.
13
Let r(t) = 3*t - t + 0*t - 6. Let p be (0 + 1/(-2))*40/(-5). Let g be r(p). What is the greatest common divisor of 2 and g?
2
Suppose -3 = 2*t - 27. Suppose 5*c - 5 + 1 = -u, -3*u + 3*c = -t. Suppose 0 + 2 = 2*x. Calculate the highest common factor of u and x.
1
Suppose 5*d - 4*h = 86, d - 3*d + 5*h + 31 = 0. Suppose -3*q + 2*q + d = 0. Calculate the greatest common divisor of q and 36.
18
Let r = -119 + 122. Calculate the highest common divisor of 86 and r.
1
Let h(u) = -u**3 + 20*u**2 - 82*u + 4. Let n be h(14). Calculate the greatest common divisor of n and 16.
16
Suppose -31*v + 8644 + 41483 = 0. Calculate the greatest common factor of v and 33.
33
Let j(r) = r**3 + 4*r**2 - 15*r - 3. Let l be j(-6). Calculate the greatest common divisor of l and 9.
3
Let x(k) = -16*k + 5. Let d(i) = 15*i - 6. Let s(u) = 3*d(u) + 2*x(u). Let z be s(7). Let j = z + 22. What is the highest common factor of j and 15?
15
Suppose 3*m = -h + 55, 0*h = m - 5*h + 3. Let q(n) = -2*n + 40. Let u be q(m). Calculate the highest common factor of 30 and u.
6
Let x = 460 - 256. Suppose 2*q - x = -5*k + 162, 2*q = 5*k - 354. Suppose 4*j = 3*j - 3, -4*d - j + 33 = 0. Calculate the greatest common factor of d and k.
9
Let u = 28 + 7. Let k = u - 39. Let v be (-4)/k*47 - 3. Calculate the greatest common factor of v and 11.
11
Suppose 0*o + 2*o = -l + 607, -3*o + 3*l + 906 = 0. Let p = o + -183. What is the highest common divisor of 15 and p?
15
Suppose -70 = -51*t + 41*t. What is the highest common factor of t and 3?
1
Let s be 1*5*272/40. Calculate the highest common divisor of s and 306.
34
Let s be -2 + (7 - 4/2). Suppose 0 = -3*r - 2*a + 16, 0 = 7*r - 4*r + 3*a - 21. Suppose 0 = i - r. Calculate the greatest common divisor of i and s.
1
Suppose 5*b + 6*u - 102 = 9*u, -2*u = -2. What is the highest common divisor of 819 and b?
21
Let m be (-208)/(-7) - 2/(-7). Suppose 0 = -3*a + 2*a. Let k = 15 + a. What is the highest common divisor of m and k?
15
Let m(a) = -a**3 - 5*a**2 + 2*a - 2. Let i be m(-5). Let u = -10 - i. Suppose -u*j = -26 - 4. Calculate the greatest common factor of 75 and j.
15
Suppose -10*i = -12*i + 3216. Let v be ((-3)/2)/(i/(-320) - -5). Calculate the greatest common divisor of v and 15.
15
Let b = 500 - 201. Calculate the greatest common factor of b and 69.
23
Let f(r) = 33*r - 73. Let o be f(9). Calculate the greatest common factor of 168 and o.
56
Let y be (12 + -15)*4/(-6). Suppose y*b = 6*b - 20. Suppose 3*g = -4*f + 86, -2*f + 4*f + b*g - 50 = 0. Calculate the highest common factor of f and 220.
20
Suppose 0 = -5*l + 84 + 6. Suppose 0 = -4*f + f + l. Calculate the greatest common factor of 30 and f.
6
Let o(c) = c**2 - c + 3. Suppose 2*n + 3*k = 27, 0*n + 2*k - 4 = n. Let r be o(n). Calculate the highest common factor of r and 11.
11
Suppose -137*t = -134*t - 30. Let g = 46 + -16. What is the highest common factor of t and g?
10
Suppose 5*j = 4 + 11. Let u(x) = 2*x**3 + x**2 - 3*x + 2. Let i be u(j). Calculate the greatest common divisor of i and 8.
8
Let p be -2 + -2 + 5 - (-46)/2. Suppose 2*d = -d + 720. What is the greatest common divisor of d and p?
24
Let j(k) = k**2 - 17*k - 11. Let l be j(18). Let t be 2/l - 180/(-7). What is the greatest common divisor of t and 39?
13
Suppose 0*p - 2*p + 2*k + 122 = 0, -3*k + 329 = 5*p. Calculate the greatest common factor of p and 28.
4
Let w(c) = 4*c**2 - 17*c + 5. Let g be w